 h is divided by 2.
0
Let f = 15 + -9. Suppose 0 = g - 0*g - f. Suppose g*u - 280 = 2*u - 3*y, 3*u = y + 197. What is the remainder when u is divided by 14?
11
Suppose 5*d - 280 = 2*t, 168*t = 2*d + 163*t - 133. Calculate the remainder when d is divided by 8.
6
Let c = 234 - 188. What is the remainder when c is divided by 11?
2
Let w be ((2 - 3) + -2)*-1. Suppose w*c - 9*c = -36. What is the remainder when 16 is divided by c?
4
Suppose -2*z + 3 = -1. Let d be 2/(1 + z + -2). Suppose d*x = -3*x + 60. What is the remainder when x is divided by 7?
5
What is the remainder when ((-1169)/14 - 5)/((-9)/6) is divided by 15?
14
Let j(o) = 5*o**2 + 3*o. Let k(h) = -4 - 4 - 4 + 24*h**2 + 11. Calculate the remainder when j(-4) is divided by k(1).
22
Suppose 0 = -20*g + 25*g - 210. Suppose 2*z - 451 = -4*s + 3*z, s - z = 115. Let d = s - g. What is the remainder when d is divided by 24?
22
Let c(k) = 3*k**2 - 21*k - 11. What is the remainder when 22 is divided by c(8)?
9
Suppose -82 - 53 = -5*r. Let s be (-10)/(-20) - (-58)/(-4). Let i = s + 21. What is the remainder when r is divided by i?
6
Suppose 32 = 3*m + f - 2*f, 0 = 4*f - 4. Let r = -335 + 356. Calculate the remainder when r is divided by m.
10
Suppose 3*d + 2*m = -86, -d - 4*m + 15 - 47 = 0. Let l = -9 - d. Let z = 3 - -5. What is the remainder when l is divided by z?
3
Suppose 8*y - 883 = 429. Let p(n) = 40*n - 12. Calculate the remainder when y is divided by p(1).
24
Suppose 3*h - 8*h = 0. Let x = 17 - h. Suppose -17 - 1 = -2*c. What is the remainder when x is divided by c?
8
Suppose 11*r - 16*r = 4*a - 870, 0 = 2*r - 4. What is the remainder when a is divided by 54?
53
Suppose i + i = -72. Let u be ((-9)/i)/(2/40). Suppose -u*a + 10*a = 60. Calculate the remainder when 33 is divided by a.
9
Let g be (-340)/(-4) + (-8)/2. Let u be 140/18 + 18/g. What is the remainder when 39 is divided by (6/u)/((-15)/(-140))?
4
What is the remainder when 1/((-1)/(-7))*10 is divided by 28?
14
Suppose -5*g = 1 - 71. Suppose -4*h - 152 = -2*t, -h - 5*t - 124 = 3*h. Let j = 76 + h. Calculate the remainder when j is divided by g.
12
Let t be (41 - 1)*(12 - 11). Let r be (304/(-10))/((-16)/t). Let j = 144 - r. Calculate the remainder when j is divided by 24.
20
Let u(v) = 39*v**3 - 10*v**2 + 11*v - 3. What is the remainder when 57 is divided by u(1)?
20
Let f = -648 - -760. What is the remainder when f is divided by 32?
16
Suppose -3*d + 3*k = -606, d + 6*k = 2*k + 192. Suppose 2*w = 0, -5*x - 3*w + 7*w = -d. Calculate the remainder when x is divided by 21.
19
Let s(c) = c - 4. Let j be s(6). Let n(d) = 3*d**3 - d**2 + 2*d - 1. Let f be n(j). Suppose l + f = 2*l. What is the remainder when l is divided by 13?
10
Suppose 4*a + 358 = 3*p, -3*a + 587 = 7*p - 2*p. Calculate the remainder when p is divided by 26.
14
Let y be ((-3)/(-4))/((-2)/(-16)). What is the remainder when (3/(-2))/(y/(-220)) is divided by 29?
26
Let y(u) = -7*u**2 + 1 + 0*u**2 + u**3 - 4*u - 3*u**2 + 4*u**2. Suppose 0 = 4*a - 3*a + 2*i - 5, 4 = -4*i. Calculate the remainder when y(a) is divided by 8.
6
Suppose 21*x = -4*x - 125. Let r be -16*-3*(-2)/(-4). Let t = r + x. Calculate the remainder when 35 is divided by t.
16
Let f(t) = 9*t**3 - 5*t + 1 - 10*t**2 + 23*t - 8*t**3. What is the remainder when 49 is divided by f(8)?
15
Let b(r) = -6*r. Let z(x) = x**2 - 9*x - 17. Let s be z(17). Suppose 4*y - 13 - s = 0. Calculate the remainder when y is divided by b(-3).
15
Suppose -3*z + 29 = -2*z. What is the remainder when z is divided by 18?
11
Suppose -271*o + 276*o = 200. Calculate the remainder when 215 is divided by o.
15
Suppose 0 = -p - 3, 3*p - p = 3*g - 114. Suppose -v = -3*v + g. Suppose -6*n = -n - 345. What is the remainder when n is divided by v?
15
Let y(t) be the third derivative of t**5/60 + 7*t**4/8 - 8*t**3/3 + 5*t**2. Calculate the remainder when 6 is divided by y(-22).
0
Suppose -4*j = -3*m + 14 + 73, 2*m = -2*j + 72. What is the remainder when 91 is divided by m?
25
Let k = 7 + -16. Let y = k + 11. What is the remainder when (-85)/y*(-72)/45 is divided by 23?
22
Let c(d) = 11*d**2 - 23. Let f(k) = 2*k**2 - 4. Let q(m) = -6*c(m) + 34*f(m). Calculate the remainder when 49 is divided by q(-2).
9
Let c be (12/(-10))/(2 - 249/120). Suppose -880 = 6*a - c*a. What is the remainder when a is divided by 18?
16
Suppose 2*k - 2*v - 254 = -2*k, -2*k = v - 133. Let i = 92 - k. Suppose 10 = -5*l, 5*q = 2*l + i + 2. Calculate the remainder when 24 is divided by q.
4
Suppose 2*m = m - k + 2, 5*k - 10 = 3*m. Suppose m = -3*v + 22 + 5. Suppose 12*j = 7*j + 175. What is the remainder when j is divided by v?
8
Suppose -4*g + 4*a + 440 = 0, -3*a = -4*g + 2*a + 439. Calculate the remainder when g is divided by 14.
13
Suppose 221 = 69*x - 56*x. What is the remainder when 55 is divided by x?
4
Suppose 0 = -2*p - 5*a - 165, 4*p + 147 = 2*p + a. Let k = p + 89. What is the remainder when 37 is divided by k?
9
Let u = 27 - 22. Let b(p) = 2*p**2 + 1. Calculate the remainder when b(2) is divided by (-1*u + 2)/(-2 + 1).
0
Let m = 690 - 483. What is the remainder when m is divided by 14?
11
Let n(d) = d**2 + 2*d + 16. Let t be n(-7). Let o = 57 - t. Calculate the remainder when (1 - 4)/((-1)/3) is divided by o.
3
Calculate the remainder when 123 is divided by (-1)/(3/(-5))*(-126)/(-35).
3
Calculate the remainder when ((-81)/(-45))/((-9)/(-300)) is divided by 39.
21
Suppose 14*x = -1161 - 337. Let j = x + 155. Calculate the remainder when j is divided by 17.
14
Let n = -614 + 905. What is the remainder when n is divided by 57?
6
Calculate the remainder when 206 is divided by (-11 - -12)/(3/81).
17
Let t = 115 - 98. Let i(l) = 5*l - 65. Calculate the remainder when 71 is divided by i(t).
11
Let t = 955 + -1840. Calculate the remainder when 1*(t/(-3))/5 is divided by 20.
19
Let n = -13 + 18. Let k be -4 + (-2)/(-8)*0. Calculate the remainder when n is divided by (-2 - -2)/4 - k.
1
Calculate the remainder when 231 is divided by (66 - 4/(-4)) + -6.
48
Suppose 0 = -7*m - 49 - 7. What is the remainder when (-2552)/(-33) + m/6 is divided by 27?
22
Let n = 1235 + -877. Calculate the remainder when n is divided by 90.
88
Let u be 30/(2*(19/6 - 3)). Suppose 6*x - x - u = -b, b = -x + 14. Calculate the remainder when 35 is divided by x.
16
Let o = 2 + -2. Suppose o = -4*h + 23 + 45. Let r = -3 + h. Calculate the remainder when 24 is divided by r.
10
Suppose 5*n = -5*n + 190. Let q be -4*(2 - 3)/2. What is the remainder when 7*(-2 - -9 - q) is divided by n?
16
Suppose 0 = c - 5*c + 32. Suppose 0 = 4*z + 5*z - 27. Calculate the remainder when c is divided by z.
2
Suppose z - 12 = 1. Let i(q) = -q - 1. Let p be i(-5). Suppose 101 = p*r + z. What is the remainder when r is divided by 8?
6
Let q(v) = 29*v**2 + 13*v + 4. What is the remainder when q(-2) is divided by 17?
9
Let c = -8 - -57. Let q(z) = -z**3 + 24*z**2 + z + 1422. Calculate the remainder when q(26) is divided by c.
47
Calculate the remainder when 1/8 + ((-191312)/128)/(-11) is divided by 41.
13
Suppose 0 = 2*h - 2*n - 6, 0*h - 4*n = 2*h. Suppose 166 - 46 = h*w. Suppose c + w = 6*c. Calculate the remainder when 47 is divided by c.
11
Let a = -128 - -73. Let u = a - -74. What is the remainder when 19 is divided by u?
0
Calculate the remainder when (-6)/27*-3*(-576)/(-8) is divided by 25.
23
Suppose -u = 10*o - 12*o - 27, -4*o + 3 = u. What is the remainder when 164 is divided by u?
12
Suppose -4 = -5*g + 21. Suppose -g*v = -20, -2 = -c + 4*v - 8. What is the remainder when (c/(-8))/(2/(-40)) is divided by 7?
4
Let s = 12 - 8. Let g(r) = -s + 4 + 1 + 5*r - 3. Calculate the remainder when g(9) is divided by 11.
10
Suppose -3*q = 3*o - 276, -3*o - 5*q + 3*q + 273 = 0. Suppose 0 = 16*y - 11*y - 115. What is the remainder when o is divided by y?
20
Suppose -21*z + 136 = -19*z - a, a - 128 = -2*z. What is the remainder when z is divided by 18?
12
Suppose 0 = -7*m + 67 - 4. Suppose 22 = 3*l - j + 5*j, -l - 3*j + m = 0. Calculate the remainder when 23 is divided by l.
5
Let a(f) = 7*f - 27. What is the remainder when 77 is divided by a(5)?
5
Suppose -40 = -2*a - 2*a. Suppose 29 = 11*j - 15. Suppose i + j*i - 140 = 0. Calculate the remainder when i is divided by a.
8
Let f = 1499 + -1497. Let j = 17 + -16. What is the remai